{"id":280,"date":"2021-03-31T12:44:10","date_gmt":"2021-03-31T10:44:10","guid":{"rendered":"http:\/\/pp.local\/forschungsprogramm\/"},"modified":"2023-08-11T08:26:02","modified_gmt":"2023-08-11T06:26:02","slug":"forschungsprogramm","status":"publish","type":"page","link":"https:\/\/dev.practicing.place\/de\/forschungsprogramm\/","title":{"rendered":"Forschungsprogramm"},"content":{"rendered":"<p>Das Kolleg widmet sich der interdisziplin\u00e4ren Reflexion der Konzepte Ort und Verortung, denn gerade im Kontext zunehmender globaler Interdependenzen und grenzenlos gewordener medialer Kommunikation gewinnen Orte und Prozesse der (Neu-)Verortung sozial, kulturell und politisch an Brisanz. Leitgedanke des Kollegs ist, dass Orte nur dynamisch, als practicing place gedacht werden k\u00f6nnen. Entsprechend werden sowohl spezifische Praktiken der Herstellung von Orten und ihre epistemischen Konfigurationen (z.B. das Erfassen, Kartographieren, Imaginieren, Erfahren und Erschreiben von Orten) als auch Situiertheit und Lokalit\u00e4t als Aspekte jeglicher Praxis in den Blick genommen. Jede Praxis ist durch vorgefundene und zugleich durch performativ neu konstituierte und entworfene topoi, Orte und Ortsbez\u00fcge gekennzeichnet. Ein erlebter Ort l\u00e4sst sich nicht statisch im Singular denken oder (etwa als \u201adie eine Heimat\u2019) affirmieren; vielmehr muss er als vielf\u00e4ltig und kontrovers entworfenes und erfahrenes, kommunikatives, affektives Bezugssystem analysiert werden. Jede Praxis ist mit Strategien der Relationierung \u00fcber-, unter- und nebengeordneter Orts-, Raum- und Zeitstr\u00e4nge verbunden: Vereinnahmung, Aneignung, Teilhabe und Ausgrenzung sind Aspekte situativer Verortungen, die in sozialen, \u00f6konomischen, imaginativen, fiktionalen, k\u00fcnstlerischen und medialen Praktiken fortlaufend (re-)produziert werden. Die Leitfrage des Kollegs ist entsprechend, wie Orte in Konfigurationen sedimentierter und gelebter Praxis hergestellt, (de-)stabilisiert, reproduziert und modifiziert werden und wie die so hervorgebrachten Orte wiederum k\u00fcnftige (Verortungs-)Praktiken pr\u00e4gen. Anders gesagt: Die das Kolleg tragende Fragestellung ist weniger an der Frage \u201eWo und was ist ein Ort?\u201c interessiert, die eher traditionellen Zug\u00e4ngen entspricht, sondern sie stellt die \u201eWie\u201c-Frage nach den Verortungspraktiken ins Zentrum des wissenschaftlichen Interesses.<\/p>\n<p>Die besondere interdisziplin\u00e4re Zusammensetzung der das Kolleg tragenden Wissenschaftlerinnen und Wissenschaftler erm\u00f6glicht eine innovative Verbindung und gegenseitige Fruchtbarmachung von Praxissoziologie, Philosophie, Humangeographie und Literatur- und Kulturwissenschaften. Im Kolleg arbeiten Promovierende, Postdoktorandinnen und Postdoktoranden mit den betreuenden Hochschullehrerinnen und -lehrern, Projektpartnerinnen und -partnern eng zusammen; letztere stehen f\u00fcr verschiedene, seit langem kontinuierlich ausgebaute disziplin\u00e4re Netzwerke. Die Arbeit des Kollegs ist darauf ausgerichtet, die Theoriebildung kreativ und in interdisziplin\u00e4rem Austausch voranzutreiben und damit junge Wissenschaftlerinnen und Wissenschaftler aktiv in das akademische Arbeiten und in gemeinsames Forschen einzubinden.<\/p>\n","protected":false},"excerpt":{"rendered":"<p>Das Kolleg widmet sich der interdisziplin\u00e4ren Reflexion der Konzepte Ort und Verortung, denn gerade im Kontext zunehmender globaler Interdependenzen und grenzenlos gewordener medialer Kommunikation gewinnen Orte und Prozesse der (Neu-)Verortung sozial, kulturell und politisch an Brisanz. Leitgedanke des Kollegs ist, dass Orte nur dynamisch, als practicing place gedacht werden k\u00f6nnen. Entsprechend werden sowohl spezifische Praktiken [&hellip;]<\/p>\n","protected":false},"author":3,"featured_media":0,"parent":0,"menu_order":0,"comment_status":"closed","ping_status":"closed","template":"template-research-program.php","meta":{"_acf_changed":false,"footnotes":""},"class_list":["post-280","page","type-page","status-publish","hentry"],"acf":[],"yoast_head":"<!-- This site is optimized with the Yoast SEO plugin v26.4 - https:\/\/yoast.com\/wordpress\/plugins\/seo\/ -->\n<title>Forschungsprogramm - practicing place<\/title>\n<meta name=\"robots\" content=\"noindex, follow, max-snippet:-1, max-image-preview:large, max-video-preview:-1\" \/>\n<meta property=\"og:locale\" content=\"de_DE\" \/>\n<meta property=\"og:type\" content=\"article\" \/>\n<meta property=\"og:title\" content=\"Forschungsprogramm - practicing place\" \/>\n<meta property=\"og:description\" content=\"Das Kolleg widmet sich der interdisziplin\u00e4ren Reflexion der Konzepte Ort und Verortung, denn gerade im Kontext zunehmender globaler Interdependenzen und grenzenlos gewordener medialer Kommunikation gewinnen Orte und Prozesse der (Neu-)Verortung sozial, kulturell und politisch an Brisanz. Leitgedanke des Kollegs ist, dass Orte nur dynamisch, als practicing place gedacht werden k\u00f6nnen. Entsprechend werden sowohl spezifische Praktiken [&hellip;]\" \/>\n<meta property=\"og:url\" content=\"https:\/\/dev.practicing.place\/de\/forschungsprogramm\/\" \/>\n<meta property=\"og:site_name\" content=\"practicing place\" \/>\n<meta property=\"article:publisher\" content=\"https:\/\/www.facebook.com\/grako.practicingplace\/\" \/>\n<meta property=\"article:modified_time\" content=\"2023-08-11T06:26:02+00:00\" \/>\n<meta property=\"og:image\" content=\"https:\/\/dev.practicing.place\/wp-content\/uploads\/pp-og-image.jpg\" \/>\n\t<meta property=\"og:image:width\" content=\"1080\" \/>\n\t<meta property=\"og:image:height\" content=\"567\" \/>\n\t<meta property=\"og:image:type\" content=\"image\/jpeg\" \/>\n<meta name=\"twitter:card\" content=\"summary_large_image\" \/>\n<meta name=\"twitter:site\" content=\"@GrakoPlace\" \/>\n<meta name=\"twitter:label1\" content=\"Gesch\u00e4tzte Lesezeit\" \/>\n\t<meta name=\"twitter:data1\" content=\"2\u00a0Minuten\" \/>\n<script type=\"application\/ld+json\" class=\"yoast-schema-graph\">{\"@context\":\"https:\/\/schema.org\",\"@graph\":[{\"@type\":\"WebPage\",\"@id\":\"https:\/\/dev.practicing.place\/de\/forschungsprogramm\/\",\"url\":\"https:\/\/dev.practicing.place\/de\/forschungsprogramm\/\",\"name\":\"Forschungsprogramm - practicing place\",\"isPartOf\":{\"@id\":\"https:\/\/dev.practicing.place\/de\/#website\"},\"datePublished\":\"2021-03-31T10:44:10+00:00\",\"dateModified\":\"2023-08-11T06:26:02+00:00\",\"inLanguage\":\"de\",\"potentialAction\":[{\"@type\":\"ReadAction\",\"target\":[\"https:\/\/dev.practicing.place\/de\/forschungsprogramm\/\"]}]},{\"@type\":\"WebSite\",\"@id\":\"https:\/\/dev.practicing.place\/de\/#website\",\"url\":\"https:\/\/dev.practicing.place\/de\/\",\"name\":\"practicing place\",\"description\":\"Soziokulturelle Praktiken und epistemische Konfigurationen\",\"potentialAction\":[{\"@type\":\"SearchAction\",\"target\":{\"@type\":\"EntryPoint\",\"urlTemplate\":\"https:\/\/dev.practicing.place\/de\/?s={search_term_string}\"},\"query-input\":{\"@type\":\"PropertyValueSpecification\",\"valueRequired\":true,\"valueName\":\"search_term_string\"}}],\"inLanguage\":\"de\"}]}<\/script>\n<!-- \/ Yoast SEO plugin. -->","yoast_head_json":{"title":"Forschungsprogramm - practicing place","robots":{"index":"noindex","follow":"follow","max-snippet":"max-snippet:-1","max-image-preview":"max-image-preview:large","max-video-preview":"max-video-preview:-1"},"og_locale":"de_DE","og_type":"article","og_title":"Forschungsprogramm - practicing place","og_description":"Das Kolleg widmet sich der interdisziplin\u00e4ren Reflexion der Konzepte Ort und Verortung, denn gerade im Kontext zunehmender globaler Interdependenzen und grenzenlos gewordener medialer Kommunikation gewinnen Orte und Prozesse der (Neu-)Verortung sozial, kulturell und politisch an Brisanz. Leitgedanke des Kollegs ist, dass Orte nur dynamisch, als practicing place gedacht werden k\u00f6nnen. Entsprechend werden sowohl spezifische Praktiken [&hellip;]","og_url":"https:\/\/dev.practicing.place\/de\/forschungsprogramm\/","og_site_name":"practicing place","article_publisher":"https:\/\/www.facebook.com\/grako.practicingplace\/","article_modified_time":"2023-08-11T06:26:02+00:00","og_image":[{"width":1080,"height":567,"url":"https:\/\/dev.practicing.place\/wp-content\/uploads\/pp-og-image.jpg","type":"image\/jpeg"}],"twitter_card":"summary_large_image","twitter_site":"@GrakoPlace","twitter_misc":{"Gesch\u00e4tzte Lesezeit":"2\u00a0Minuten"},"schema":{"@context":"https:\/\/schema.org","@graph":[{"@type":"WebPage","@id":"https:\/\/dev.practicing.place\/de\/forschungsprogramm\/","url":"https:\/\/dev.practicing.place\/de\/forschungsprogramm\/","name":"Forschungsprogramm - practicing place","isPartOf":{"@id":"https:\/\/dev.practicing.place\/de\/#website"},"datePublished":"2021-03-31T10:44:10+00:00","dateModified":"2023-08-11T06:26:02+00:00","inLanguage":"de","potentialAction":[{"@type":"ReadAction","target":["https:\/\/dev.practicing.place\/de\/forschungsprogramm\/"]}]},{"@type":"WebSite","@id":"https:\/\/dev.practicing.place\/de\/#website","url":"https:\/\/dev.practicing.place\/de\/","name":"practicing place","description":"Soziokulturelle Praktiken und epistemische Konfigurationen","potentialAction":[{"@type":"SearchAction","target":{"@type":"EntryPoint","urlTemplate":"https:\/\/dev.practicing.place\/de\/?s={search_term_string}"},"query-input":{"@type":"PropertyValueSpecification","valueRequired":true,"valueName":"search_term_string"}}],"inLanguage":"de"}]}},"_links":{"self":[{"href":"https:\/\/dev.practicing.place\/de\/wp-json\/wp\/v2\/pages\/280","targetHints":{"allow":["GET"]}}],"collection":[{"href":"https:\/\/dev.practicing.place\/de\/wp-json\/wp\/v2\/pages"}],"about":[{"href":"https:\/\/dev.practicing.place\/de\/wp-json\/wp\/v2\/types\/page"}],"author":[{"embeddable":true,"href":"https:\/\/dev.practicing.place\/de\/wp-json\/wp\/v2\/users\/3"}],"replies":[{"embeddable":true,"href":"https:\/\/dev.practicing.place\/de\/wp-json\/wp\/v2\/comments?post=280"}],"version-history":[{"count":1,"href":"https:\/\/dev.practicing.place\/de\/wp-json\/wp\/v2\/pages\/280\/revisions"}],"predecessor-version":[{"id":1642,"href":"https:\/\/dev.practicing.place\/de\/wp-json\/wp\/v2\/pages\/280\/revisions\/1642"}],"wp:attachment":[{"href":"https:\/\/dev.practicing.place\/de\/wp-json\/wp\/v2\/media?parent=280"}],"curies":[{"name":"wp","href":"https:\/\/api.w.org\/{rel}","templated":true}]}}

<p>Das Kolleg widmet sich der interdisziplinären Reflexion der Konzepte Ort und Verortung, denn gerade im Kontext zunehmender globaler Interdependenzen und grenzenlos gewordener medialer Kommunikation gewinnen Orte und Prozesse der (Neu-)Verortung sozial, kulturell und politisch an Brisanz. Leitgedanke des Kollegs ist, dass Orte nur dynamisch, als practicing place gedacht werden können. Entsprechend werden sowohl spezifische Praktiken der Herstellung von Orten und ihre epistemischen Konfigurationen (z.B. das Erfassen, Kartographieren, Imaginieren, Erfahren und Erschreiben von Orten) als auch Situiertheit und Lokalität als Aspekte jeglicher Praxis in den Blick genommen. Jede Praxis ist durch vorgefundene und zugleich durch performativ neu konstituierte und entworfene topoi, Orte und Ortsbezüge gekennzeichnet. Ein erlebter Ort lässt sich nicht statisch im Singular denken oder (etwa als ‚die eine Heimat’) affirmieren; vielmehr muss er als vielfältig und kontrovers entworfenes und erfahrenes, kommunikatives, affektives Bezugssystem analysiert werden. Jede Praxis ist mit Strategien der Relationierung über-, unter- und nebengeordneter Orts-, Raum- und Zeitstränge verbunden: Vereinnahmung, Aneignung, Teilhabe und Ausgrenzung sind Aspekte situativer Verortungen, die in sozialen, ökonomischen, imaginativen, fiktionalen, künstlerischen und medialen Praktiken fortlaufend (re-)produziert werden. Die Leitfrage des Kollegs ist entsprechend, wie Orte in Konfigurationen sedimentierter und gelebter Praxis hergestellt, (de-)stabilisiert, reproduziert und modifiziert werden und wie die so hervorgebrachten Orte wiederum künftige (Verortungs-)Praktiken prägen. Anders gesagt: Die das Kolleg tragende Fragestellung ist weniger an der Frage „Wo und was ist ein Ort?“ interessiert, die eher traditionellen Zugängen entspricht, sondern sie stellt die „Wie“-Frage nach den Verortungspraktiken ins Zentrum des wissenschaftlichen Interesses.</p>
<p>Die besondere interdisziplinäre Zusammensetzung der das Kolleg tragenden Wissenschaftlerinnen und Wissenschaftler ermöglicht eine innovative Verbindung und gegenseitige Fruchtbarmachung von Praxissoziologie, Philosophie, Humangeographie und Literatur- und Kulturwissenschaften. Im Kolleg arbeiten Promovierende, Postdoktorandinnen und Postdoktoranden mit den betreuenden Hochschullehrerinnen und -lehrern, Projektpartnerinnen und -partnern eng zusammen; letztere stehen für verschiedene, seit langem kontinuierlich ausgebaute disziplinäre Netzwerke. Die Arbeit des Kollegs ist darauf ausgerichtet, die Theoriebildung kreativ und in interdisziplinärem Austausch voranzutreiben und damit junge Wissenschaftlerinnen und Wissenschaftler aktiv in das akademische Arbeiten und in gemeinsames Forschen einzubinden.</p>

<p>Das Kolleg widmet sich der interdisziplinären Reflexion der Konzepte Ort und Verortung, denn gerade im Kontext zunehmender globaler Interdependenzen und grenzenlos gewordener medialer Kommunikation gewinnen Orte und Prozesse der (Neu-)Verortung sozial, kulturell und politisch an Brisanz. Leitgedanke des Kollegs ist, dass Orte nur dynamisch, als practicing place gedacht werden können. Entsprechend werden sowohl spezifische Praktiken [&hellip;]</p>

<!-- This site is optimized with the Yoast SEO plugin v26.4 - https://yoast.com/wordpress/plugins/seo/ -->
<title>Forschungsprogramm - practicing place</title>
<meta name="robots" content="noindex, follow, max-snippet:-1, max-image-preview:large, max-video-preview:-1" />
<meta property="og:locale" content="de_DE" />
<meta property="og:type" content="article" />
<meta property="og:title" content="Forschungsprogramm - practicing place" />
<meta property="og:description" content="Das Kolleg widmet sich der interdisziplinären Reflexion der Konzepte Ort und Verortung, denn gerade im Kontext zunehmender globaler Interdependenzen und grenzenlos gewordener medialer Kommunikation gewinnen Orte und Prozesse der (Neu-)Verortung sozial, kulturell und politisch an Brisanz. Leitgedanke des Kollegs ist, dass Orte nur dynamisch, als practicing place gedacht werden können. Entsprechend werden sowohl spezifische Praktiken [&hellip;]" />
<meta property="og:url" content="https://dev.practicing.place/de/forschungsprogramm/" />
<meta property="og:site_name" content="practicing place" />
<meta property="article:publisher" content="https://www.facebook.com/grako.practicingplace/" />
<meta property="article:modified_time" content="2023-08-11T06:26:02+00:00" />
<meta property="og:image" content="https://dev.practicing.place/wp-content/uploads/pp-og-image.jpg" />
	<meta property="og:image:width" content="1080" />
	<meta property="og:image:height" content="567" />
	<meta property="og:image:type" content="image/jpeg" />
<meta name="twitter:card" content="summary_large_image" />
<meta name="twitter:site" content="@GrakoPlace" />
<meta name="twitter:label1" content="Geschätzte Lesezeit" />
	<meta name="twitter:data1" content="2 Minuten" />
<script type="application/ld+json" class="yoast-schema-graph">{"@context":"https://schema.org","@graph":[{"@type":"WebPage","@id":"https://dev.practicing.place/de/forschungsprogramm/","url":"https://dev.practicing.place/de/forschungsprogramm/","name":"Forschungsprogramm - practicing place","isPartOf":{"@id":"https://dev.practicing.place/de/#website"},"datePublished":"2021-03-31T10:44:10+00:00","dateModified":"2023-08-11T06:26:02+00:00","inLanguage":"de","potentialAction":[{"@type":"ReadAction","target":["https://dev.practicing.place/de/forschungsprogramm/"]}]},{"@type":"WebSite","@id":"https://dev.practicing.place/de/#website","url":"https://dev.practicing.place/de/","name":"practicing place","description":"Soziokulturelle Praktiken und epistemische Konfigurationen","potentialAction":[{"@type":"SearchAction","target":{"@type":"EntryPoint","urlTemplate":"https://dev.practicing.place/de/?s={search_term_string}"},"query-input":{"@type":"PropertyValueSpecification","valueRequired":true,"valueName":"search_term_string"}}],"inLanguage":"de"}]}</script>
<!-- / Yoast SEO plugin. -->

Das Kolleg widmet sich der interdisziplinären Reflexion der Konzepte Ort und Verortung, denn gerade im Kontext zunehmender globaler Interdependenzen und grenzenlos gewordener medialer Kommunikation gewinnen Orte und Prozesse der (Neu-)Verortung sozial, kulturell und politisch an Brisanz. Leitgedanke des Kollegs ist, dass Orte nur dynamisch, als practicing place gedacht werden können. Entsprechend werden sowohl spezifische Praktiken [&hellip;]
